{"id":606,"date":"2019-12-13T19:15:04","date_gmt":"2019-12-13T19:15:04","guid":{"rendered":"https:\/\/www.techcool.pl\/?page_id=606"},"modified":"2023-07-31T17:21:51","modified_gmt":"2023-07-31T17:21:51","slug":"serwis","status":"publish","type":"page","link":"https:\/\/www.techcool.pl\/?page_id=606","title":{"rendered":"ZAPYTANIA OFERTOWE"},"content":{"rendered":"<p>[et_pb_section fb_built=&#8221;1&#8243; disabled_on=&#8221;off|off|off&#8221; admin_label=&#8221;Header Section&#8221; _builder_version=&#8221;3.22.3&#8243; use_background_color_gradient=&#8221;on&#8221; background_color_gradient_start=&#8221;rgba(20,61,88,0.65)&#8221; background_color_gradient_end=&#8221;#143d58&#8243; background_color_gradient_overlays_image=&#8221;on&#8221; background_image=&#8221;https:\/\/www.techcool.pl\/wp-content\/uploads\/2018\/04\/IMG_86326.jpg&#8221; custom_margin=&#8221;|||&#8221; custom_padding=&#8221;0|0px|0|0px|false|false&#8221; bottom_divider_style=&#8221;mountains2&#8243; bottom_divider_color=&#8221;rgba(5,41,66,0.3)&#8221; bottom_divider_height=&#8221;20vw&#8221; animation_style=&#8221;slide&#8221; animation_direction=&#8221;top&#8221; animation_intensity_slide=&#8221;3%&#8221; animation_starting_opacity=&#8221;100%&#8221;][et_pb_row disabled_on=&#8221;off|off|off&#8221; _builder_version=&#8221;3.25&#8243; width=&#8221;100%&#8221; max_width=&#8221;100%&#8221; custom_padding=&#8221;78px|0px|27px|0px|false|false&#8221; use_custom_width=&#8221;on&#8221; width_unit=&#8221;off&#8221; custom_width_percent=&#8221;100%&#8221;][et_pb_column type=&#8221;4_4&#8243; _builder_version=&#8221;3.25&#8243; custom_padding=&#8221;|||&#8221; custom_padding__hover=&#8221;|||&#8221;][et_pb_text disabled_on=&#8221;off|off|off&#8221; _builder_version=&#8221;3.27.4&#8243; text_font=&#8221;Montserrat||||||||&#8221; text_font_size=&#8221;21px&#8221; text_line_height=&#8221;1.8em&#8221; header_font=&#8221;Montserrat|600||on|||||&#8221; header_text_align=&#8221;center&#8221; header_font_size=&#8221;4vw&#8221; header_line_height=&#8221;1.5em&#8221; text_orientation=&#8221;center&#8221; background_layout=&#8221;dark&#8221; custom_margin=&#8221;|||&#8221; header_font_size_tablet=&#8221;50px&#8221; header_font_size_phone=&#8221;&#8221; header_font_size_last_edited=&#8221;on|desktop&#8221; header_line_height_tablet=&#8221;1.1em&#8221; header_line_height_phone=&#8221;1.2em&#8221; header_line_height_last_edited=&#8221;off|desktop&#8221;]<\/p>\n<h1>Zapytania ofertowe<\/h1>\n<p>&nbsp;<\/p>\n<p>[\/et_pb_text][\/et_pb_column][\/et_pb_row][\/et_pb_section][et_pb_section fb_built=&#8221;1&#8243; admin_label=&#8221;CTA Section&#8221; _builder_version=&#8221;3.22.3&#8243; use_background_color_gradient=&#8221;on&#8221; background_color_gradient_start=&#8221;rgba(242,246,249,0)&#8221; background_color_gradient_end=&#8221;#ffffff&#8221; background_color_gradient_direction=&#8221;90deg&#8221; background_color_gradient_start_position=&#8221;75%&#8221; background_color_gradient_end_position=&#8221;75%&#8221; custom_padding=&#8221;26px|0px|43px|0px&#8221; animation_style=&#8221;slide&#8221; animation_direction=&#8221;right&#8221; animation_intensity_slide=&#8221;1%&#8221; saved_tabs=&#8221;all&#8221;][et_pb_row column_structure=&#8221;1_4,1_4,1_4,1_4&#8243; _builder_version=&#8221;3.25&#8243;][et_pb_column type=&#8221;1_4&#8243; _builder_version=&#8221;3.25&#8243; custom_padding=&#8221;|||&#8221; custom_padding__hover=&#8221;|||&#8221;][et_pb_image src=&#8221;https:\/\/www.techcool.pl\/wp-content\/uploads\/2019\/12\/1.png&#8221; align_tablet=&#8221;center&#8221; align_phone=&#8221;&#8221; align_last_edited=&#8221;on|desktop&#8221; _builder_version=&#8221;3.23&#8243;][\/et_pb_image][\/et_pb_column][et_pb_column type=&#8221;1_4&#8243; _builder_version=&#8221;3.25&#8243; custom_padding=&#8221;|||&#8221; custom_padding__hover=&#8221;|||&#8221;][et_pb_image src=&#8221;https:\/\/www.techcool.pl\/wp-content\/uploads\/2019\/12\/2.png&#8221; align_tablet=&#8221;center&#8221; align_phone=&#8221;&#8221; align_last_edited=&#8221;on|desktop&#8221; _builder_version=&#8221;3.23&#8243;][\/et_pb_image][\/et_pb_column][et_pb_column type=&#8221;1_4&#8243; _builder_version=&#8221;3.25&#8243; custom_padding=&#8221;|||&#8221; custom_padding__hover=&#8221;|||&#8221;][et_pb_image src=&#8221;https:\/\/www.techcool.pl\/wp-content\/uploads\/2019\/12\/3.png&#8221; align_tablet=&#8221;center&#8221; align_phone=&#8221;&#8221; align_last_edited=&#8221;on|desktop&#8221; _builder_version=&#8221;3.23&#8243;][\/et_pb_image][\/et_pb_column][et_pb_column type=&#8221;1_4&#8243; _builder_version=&#8221;3.25&#8243; custom_padding=&#8221;|||&#8221; custom_padding__hover=&#8221;|||&#8221;][et_pb_image src=&#8221;https:\/\/www.techcool.pl\/wp-content\/uploads\/2019\/12\/4.png&#8221; align_tablet=&#8221;center&#8221; align_phone=&#8221;&#8221; align_last_edited=&#8221;on|desktop&#8221; _builder_version=&#8221;3.23&#8243;][\/et_pb_image][\/et_pb_column][\/et_pb_row][et_pb_row _builder_version=&#8221;3.25&#8243;][et_pb_column type=&#8221;4_4&#8243; _builder_version=&#8221;3.25&#8243; custom_padding=&#8221;|||&#8221; custom_padding__hover=&#8221;|||&#8221;][et_pb_text _builder_version=&#8221;4.9.7&#8243; hover_enabled=&#8221;0&#8243; sticky_enabled=&#8221;0&#8243;]<\/p>\n<p align=\"center\"><b>ZAPYTANIE OFERTOWE nr. 1\/4.1\/I\/Techcool\/2023 z dn. 15.05.2023r<\/b><\/p>\n<p align=\"center\">W zwi\u0105zku z przyst\u0105pieniem do realizacji projektu \u201eOpracowanie przyjaznej dla \u015brodowiska technologii zamra\u017cania produkt\u00f3w pochodzenia zwierz\u0119cego\u201d Umowa nr: POIR.04.01.04-00-0028\/19-00 z dnia 25.09.2019 r., dla kt\u00f3rego zamawiaj\u0105cy otrzyma\u0142 dofinansowanie w ramach Dzia\u0142ania 4.1 Programu Operacyjnego Inteligentny Rozw\u00f3j 2014-2020, wsp\u00f3\u0142finansowanego ze \u015brodk\u00f3w Europejskiego Funduszu Rozwoju Regionalnego, zapraszamy wszystkie podmioty spe\u0142niaj\u0105ce okre\u015blone poni\u017cej warunki do sk\u0142adania ofert na realizacj\u0119 przedmiotu niniejszego zapytania ofertowego.<\/p>\n<p>Pobierz pliki:<\/p>\n<p><a href=\"https:\/\/www.techcool.pl\/wp-content\/uploads\/2023\/05\/Zapytanie-ofertowe-baza-konkurencyjnosci_-zamrazarka-nowa-wersja.pdf\">ZAPYTANIE OFERTOWE WRAZ Z ZA\u0141\u0104CZNIKAMI<\/a><\/p>\n<p align=\"center\">[\/et_pb_text][et_pb_text _builder_version=&#8221;4.9.7&#8243; hover_enabled=&#8221;0&#8243; sticky_enabled=&#8221;0&#8243;]<\/p>\n<p align=\"center\"><b>ZAPYTANIE OFERTOWE nr.1\/4.1\/II\/Techcool\/2023 z dn. 15.05.2023r<\/b><\/p>\n<p>W zwi\u0105zku z przyst\u0105pieniem do realizacji projektu \u201eOpracowanie przyjaznej dla \u015brodowiska technologii zamra\u017cania produkt\u00f3w pochodzenia zwierz\u0119cego\u201d Umowa nr: POIR.04.01.04-00-0028\/19-00 z dnia 25.09.2019 r., dla kt\u00f3rego zamawiaj\u0105cy otrzyma\u0142 dofinansowanie w ramach Dzia\u0142ania 4.1 Programu Operacyjnego Inteligentny Rozw\u00f3j 2014-2020, wsp\u00f3\u0142finansowanego ze \u015brodk\u00f3w Europejskiego Funduszu Rozwoju Regionalnego, zapraszamy wszystkie podmioty spe\u0142niaj\u0105ce okre\u015blone poni\u017cej warunki do sk\u0142adania ofert na realizacj\u0119 przedmiotu niniejszego zapytania ofertowego.<\/p>\n<p>Pobierz pliki:<\/p>\n<p><a href=\"https:\/\/www.techcool.pl\/wp-content\/uploads\/2023\/05\/Zapytanie-ofertowe-baza-konkurencyjnosci_-agregat-chlodniczy.pdf\">ZAPYTANIE OFERTOWE WRAZ Z ZA\u0141\u0104CZNIKAMI<\/a>[\/et_pb_text][et_pb_text _builder_version=&#8221;4.4.6&#8243;]<\/p>\n<p align=\"center\"><b>OG\u0141OSZENIE WYNIK\u00d3W KONKURSU O nr. 1\/4.1\/I\/Techcool\/2020 z dn. 14.05.2020r. Og\u0142oszenie z dn. 10.06.2020<br \/><\/b><\/p>\n<p align=\"center\"><b><\/b><\/p>\n<p>Projekt \u201eOpracowanie przyjaznej dla \u015brodowiska technologii zamra\u017cania produkt\u00f3w pochodzenia zwierz\u0119cego\u201d Umowa nr: POIR.04.01.04-00-0028\/19-00 z dnia 25.09.2019 r., dla kt\u00f3rego zamawiaj\u0105cy otrzyma\u0142 dofinansowanie w ramach Dzia\u0142ania 4.1 Programu Operacyjnego Inteligentny Rozw\u00f3j 2014-2020, wsp\u00f3\u0142finansowanego ze \u015brodk\u00f3w Europejskiego Funduszu Rozwoju Regionalnego.<\/p>\n<p>Pobierz pliki:<\/p>\n<p><a href=\"https:\/\/www.techcool.pl\/wp-content\/uploads\/2020\/06\/SKM_C22720061011230.pdf\">OG\u0141OSZENIE WYNIK\u00d3W KONKURSU<\/a><span style=\"font-size: 14px;\"><\/span><\/p>\n<p align=\"center\"><b><\/b><\/p>\n<p>[\/et_pb_text][et_pb_text _builder_version=&#8221;4.4.6&#8243;]<\/p>\n<p align=\"center\"><b>ZAPYTANIE OFERTOWE nr. 1\/4.1\/I\/Techcool\/2020 z dn. 14.05.2020r<\/b><\/p>\n<p align=\"center\"><b><\/b><\/p>\n<p>W zwi\u0105zku z przyst\u0105pieniem Naszej firmy do realizacji projektu \u201eOpracowanie przyjaznej dla \u015brodowiska technologii zamra\u017cania produkt\u00f3w pochodzenia zwierz\u0119cego\u201d Umowa nr: POIR.04.01.04-00-0028\/19-00 z dnia 25.09.2019 r., dla kt\u00f3rego zamawiaj\u0105cy otrzyma\u0142 dofinansowanie w ramach Dzia\u0142ania 4.1 Programu Operacyjnego Inteligentny Rozw\u00f3j 2014-2020, wsp\u00f3\u0142finansowanego ze \u015brodk\u00f3w Europejskiego Funduszu Rozwoju Regionalnego, zapraszamy wszystkie podmioty spe\u0142niaj\u0105ce okre\u015blone w zapytaniu ofertowym (za\u0142\u0105cznik) do sk\u0142adania ofert na realizacj\u0119 przedmiotu niniejszego zapytania ofertowego.<\/p>\n<p>Pobierz pliki:<\/p>\n<p><a href=\"https:\/\/www.techcool.pl\/wp-content\/uploads\/2020\/05\/SKM_C22720051313060.pdf\">ZAPYTANIE OFERTOWE WRAZ Z ZA\u0141\u0104CZNIKAMI<\/a><span style=\"font-size: 14px;\"><\/span><\/p>\n<p align=\"center\"><b><\/b><\/p>\n<p>[\/et_pb_text][et_pb_text _builder_version=&#8221;3.27.4&#8243;]<\/p>\n<p align=\"center\"><b>ZAPYTANIE OFERTOWE nr. 1\/4.1\/XII\/Techcool\/2019 z dn. 10.12.2019r &#8211; PL<\/b><\/p>\n<p align=\"center\"><b><\/b><\/p>\n<p>W zwi\u0105zku z przyst\u0105pieniem Naszej firmy do realizacji projektu \u201eOpracowanie przyjaznej dla \u015brodowiska technologii zamra\u017cania produkt\u00f3w pochodzenia zwierz\u0119cego\u201d Umowa nr: POIR.04.01.04-00-0028\/19-00 z dnia 25.09.2019 r., dla kt\u00f3rego otrzymali\u015bmy dofinansowanie w ramach Dzia\u0142ania 4.1 Programu Operacyjnego Inteligentny Rozw\u00f3j 2014-2020, wsp\u00f3\u0142finansowanego ze \u015brodk\u00f3w Europejskiego Funduszu Rozwoju Regionalnego, zapraszamy wszystkie podmioty spe\u0142niaj\u0105ce okre\u015blone w zapytaniu ofertowym (za\u0142\u0105cznik) do sk\u0142adania ofert na realizacj\u0119 przedmiotu niniejszego zapytania ofertowego.<\/p>\n<p>Pobierz pliki:<\/p>\n<p><a href=\"https:\/\/www.techcool.pl\/wp-content\/uploads\/2019\/12\/Zapytanie-ofertowe.docx\">ZAPYTANIE OFERTOWE WRAZ Z ZA\u0141\u0104CZNIKAMI 1 i 2<\/a><span style=\"font-size: 14px;\"><\/span><\/p>\n<p align=\"center\"><b><\/b><\/p>\n<p>[\/et_pb_text][et_pb_text _builder_version=&#8221;3.27.4&#8243;]<\/p>\n<p align=\"center\"><b>INQUIRY no. 1\/4.1\/XII\/Techcool\/2019 letter of 10.12.2019r &#8211; EN<\/b><\/p>\n<p align=\"center\"><b><\/b><\/p>\n<p>In connection with the implementation of the project &#8222;Development of an environmentally friendly technology for freezing products of animal origin&#8221;, Agreement No. POIR.04.01.04-00-0028 \/ 19-00 of 25.09.2019, implemented under Measure 4.1 of The Smart Growth Operational Programme 2014-2020, co-financed by the European Regional Development Fund, we invite all entities that meet the following conditions to submit offers for the subject of this inquiry (annex).<\/p>\n<p>Download files:<\/p>\n<p><a href=\"https:\/\/www.techcool.pl\/wp-content\/uploads\/2019\/12\/Inquiry-1.docx\">INQUIRY WITH ANNEX 1 and 2<\/a><\/p>\n<p align=\"center\"><b><\/b><\/p>\n<p>[\/et_pb_text][\/et_pb_column][\/et_pb_row][\/et_pb_section][et_pb_section fb_built=&#8221;1&#8243; admin_label=&#8221;Footer Section&#8221; _builder_version=&#8221;3.22.3&#8243; use_background_color_gradient=&#8221;on&#8221; background_color_gradient_start=&#8221;rgba(20,61,88,0.65)&#8221; background_color_gradient_end=&#8221;#143d58&#8243; background_color_gradient_overlays_image=&#8221;on&#8221; background_image=&#8221;https:\/\/www.techcool.pl\/wp-content\/uploads\/2018\/04\/IMG_86326.jpg&#8221; custom_margin=&#8221;|||&#8221; custom_padding=&#8221;0|0px|0|0px&#8221; bottom_divider_style=&#8221;mountains2&#8243; bottom_divider_color=&#8221;rgba(5,41,66,0.3)&#8221; bottom_divider_height=&#8221;50%&#8221; animation_style=&#8221;slide&#8221; animation_direction=&#8221;bottom&#8221; animation_intensity_slide=&#8221;6%&#8221; animation_starting_opacity=&#8221;100%&#8221; global_module=&#8221;694&#8243; saved_tabs=&#8221;all&#8221;][et_pb_row admin_label=&#8221;CTA Row&#8221; _builder_version=&#8221;3.25&#8243; custom_padding=&#8221;61px|0px|0|0px|false|false&#8221;][et_pb_column type=&#8221;4_4&#8243; _builder_version=&#8221;3.25&#8243; custom_padding=&#8221;|||&#8221; custom_padding__hover=&#8221;|||&#8221;][et_pb_blurb title=&#8221;Masz pytania ? Zadzwo\u0144 !&#8221; image=&#8221;https:\/\/www.techcool.pl\/wp-content\/uploads\/2018\/04\/Call_icon.png&#8221; admin_label=&#8221;CTA&#8221; _builder_version=&#8221;3.19.4&#8243; header_font=&#8221;Montserrat||||||||&#8221; header_text_color=&#8221;#a4bccb&#8221; header_font_size=&#8221;20px&#8221; header_line_height=&#8221;1.5em&#8221; body_font=&#8221;Montserrat|500|||||||&#8221; body_text_align=&#8221;center&#8221; body_font_size=&#8221;30px&#8221; text_orientation=&#8221;center&#8221; background_layout=&#8221;dark&#8221; animation=&#8221;off&#8221;]<\/p>\n<p><span style=\"color: #ffffff;\"><a style=\"color: #ffffff;\" href=\"tel:+48655719051\">+48 65 571 90 51<\/a><\/span><\/p>\n<p>&nbsp;<\/p>\n<p>[\/et_pb_blurb][\/et_pb_column][\/et_pb_row][et_pb_row column_structure=&#8221;1_5,1_5,1_5,1_5,1_5&#8243; module_class=&#8221; et_pb_row_fullwidth&#8221; _builder_version=&#8221;3.25&#8243; width=&#8221;89%&#8221; width_tablet=&#8221;80%&#8221; width_phone=&#8221;&#8221; width_last_edited=&#8221;on|desktop&#8221; max_width=&#8221;89%&#8221; max_width_tablet=&#8221;80%&#8221; max_width_phone=&#8221;&#8221; max_width_last_edited=&#8221;on|desktop&#8221; custom_padding=&#8221;0|0px|0|0px|false|false&#8221; filter_opacity=&#8221;63%&#8221; make_fullwidth=&#8221;on&#8221;][et_pb_column type=&#8221;1_5&#8243; _builder_version=&#8221;3.25&#8243; custom_padding=&#8221;|||&#8221; custom_padding__hover=&#8221;|||&#8221;][et_pb_text _builder_version=&#8221;3.27.4&#8243; text_font=&#8221;||||||||&#8221; text_text_color=&#8221;#ffffff&#8221; text_font_size=&#8221;20px&#8221; text_orientation=&#8221;center&#8221; custom_margin=&#8221;||20px&#8221; custom_padding=&#8221;||20px&#8221; border_width_bottom=&#8221;2px&#8221; border_color_bottom=&#8221;#ffffff&#8221;]<\/p>\n<p><span>Sekretariat<\/span><br \/> <span><\/span><\/p>\n<p>[\/et_pb_text][et_pb_text _builder_version=&#8221;3.27.4&#8243; text_font=&#8221;||||||||&#8221; text_text_color=&#8221;#ffffff&#8221; text_orientation=&#8221;center&#8221;]<\/p>\n<p><span style=\"color: #ffffff;\"><a href=\"tel:607607213\" style=\"color: #ffffff;\">607 607 213<\/a><\/span><br \/><span style=\"color: #ffffff;\"> <a href=\"mailto:sekretariat@techcool.pl\" style=\"color: #ffffff;\">sekretariat@techcool.pl<\/a><\/span><\/p>\n<p><span><\/span><\/p>\n<p><span><\/span><\/p>\n<p><span><\/span><\/p>\n<p><span><\/span><\/p>\n<p>[\/et_pb_text][\/et_pb_column][et_pb_column type=&#8221;1_5&#8243; _builder_version=&#8221;3.25&#8243; custom_padding=&#8221;|||&#8221; custom_padding__hover=&#8221;|||&#8221;][et_pb_text _builder_version=&#8221;3.27.4&#8243; text_font=&#8221;||||||||&#8221; text_text_color=&#8221;#ffffff&#8221; text_font_size=&#8221;20px&#8221; text_orientation=&#8221;center&#8221; custom_margin=&#8221;||20px&#8221; custom_padding=&#8221;||20px&#8221; border_width_bottom=&#8221;2px&#8221; border_color_bottom=&#8221;#ffffff&#8221;]<\/p>\n<p><span>Ksi\u0119gowo\u015b\u0107<\/span><br \/> <span><\/span><\/p>\n<p>[\/et_pb_text][et_pb_text _builder_version=&#8221;4.9.7&#8243; text_font=&#8221;||||||||&#8221; text_text_color=&#8221;#ffffff&#8221; text_orientation=&#8221;center&#8221;]<span style=\"color: #ffffff;\"><a href=\"tel:609609948\" style=\"color: #ffffff;\">609 609 948<\/a><br \/>\n<a href=\"mailto:w.goscianska@techcool.pl\" style=\"color: #ffffff;\">w.goscianska@techcool.pl<\/a><\/span><\/p>\n<p><span><\/span>[\/et_pb_text][\/et_pb_column][et_pb_column type=&#8221;1_5&#8243; _builder_version=&#8221;3.25&#8243; custom_padding=&#8221;|||&#8221; custom_padding__hover=&#8221;|||&#8221;][et_pb_text _builder_version=&#8221;3.27.4&#8243; text_font=&#8221;||||||||&#8221; text_text_color=&#8221;#ffffff&#8221; text_font_size=&#8221;20px&#8221; text_orientation=&#8221;center&#8221; custom_margin=&#8221;||20px&#8221; custom_padding=&#8221;||20px&#8221; border_width_bottom=&#8221;2px&#8221; border_color_bottom=&#8221;#ffffff&#8221;]<\/p>\n<p><span>Dzia\u0142 zakup\u00f3w<\/span><br \/> <span><\/span><\/p>\n<p>[\/et_pb_text][et_pb_text _builder_version=&#8221;3.27.4&#8243; text_font=&#8221;||||||||&#8221; text_text_color=&#8221;#ffffff&#8221; text_orientation=&#8221;center&#8221;]<\/p>\n<p><span style=\"color: #ffffff;\"><a href=\"tel:603323301\" style=\"color: #ffffff;\">603 323 301<\/a><\/span><br \/><span style=\"color: #ffffff;\"><a href=\"mailto:k.gaszek@techcool.pl\" style=\"color: #ffffff;\">k.gaszek@techcool.pl<\/a><\/span><\/p>\n<p><span><\/span><\/p>\n<p>[\/et_pb_text][\/et_pb_column][et_pb_column type=&#8221;1_5&#8243; _builder_version=&#8221;3.25&#8243; custom_padding=&#8221;|||&#8221; custom_padding__hover=&#8221;|||&#8221;][et_pb_text _builder_version=&#8221;3.27.4&#8243; text_font=&#8221;||||||||&#8221; text_text_color=&#8221;#ffffff&#8221; text_font_size=&#8221;20px&#8221; text_orientation=&#8221;center&#8221; custom_margin=&#8221;||20px&#8221; custom_padding=&#8221;||20px&#8221; border_width_bottom=&#8221;2px&#8221; border_color_bottom=&#8221;#ffffff&#8221;]<\/p>\n<p><span>Dzia\u0142 zabezpiecze\u0144<\/span><br \/> <span><\/span><\/p>\n<p>[\/et_pb_text][et_pb_text _builder_version=&#8221;3.27.4&#8243; text_font=&#8221;||||||||&#8221; text_text_color=&#8221;#ffffff&#8221; text_orientation=&#8221;center&#8221;]<\/p>\n<p><span style=\"color: #ffffff;\"><a href=\"tel:605601150\" style=\"color: #ffffff;\">605 601 150<\/a><\/span><br \/><span style=\"color: #ffffff;\"><a href=\"mailto:m.goluch@techcool.pl\" style=\"color: #ffffff;\">m.goluch@techcool.pl<\/a><\/span><br \/><span style=\"color: #ffffff;\"><\/span><\/p>\n<p><span><\/span><\/p>\n<p>[\/et_pb_text][\/et_pb_column][et_pb_column type=&#8221;1_5&#8243; _builder_version=&#8221;3.25&#8243; custom_padding=&#8221;|||&#8221; custom_padding__hover=&#8221;|||&#8221;][et_pb_text _builder_version=&#8221;3.27.4&#8243; text_font=&#8221;||||||||&#8221; text_text_color=&#8221;#ffffff&#8221; text_font_size=&#8221;20px&#8221; text_orientation=&#8221;center&#8221; custom_margin=&#8221;||20px&#8221; custom_padding=&#8221;||20px&#8221; border_width_bottom=&#8221;2px&#8221; border_color_bottom=&#8221;#ffffff&#8221;]<\/p>\n<p><span>Serwis ch\u0142odniczy<\/span><br \/> <span><\/span><\/p>\n<p>[\/et_pb_text][et_pb_text _builder_version=&#8221;3.27.4&#8243; text_font=&#8221;||||||||&#8221; text_text_color=&#8221;#ffffff&#8221; text_orientation=&#8221;center&#8221;]<\/p>\n<p><span style=\"color: #ffffff;\"><a href=\"tel:665032545\" style=\"color: #ffffff;\">665 032 545<\/a>\u00a0\/\u00a0<a href=\"tel:603393400\" style=\"color: #ffffff;\">603 393 400<\/a><\/span><br \/><span style=\"color: #ffffff;\"><a href=\"mailto:serwis@techcool.pl\" style=\"color: #ffffff;\">serwis@techcool.pl<\/a><\/span><br \/><span style=\"color: #ffffff;\"><\/span><\/p>\n<p><span><\/span><\/p>\n<p>[\/et_pb_text][\/et_pb_column][\/et_pb_row][\/et_pb_section]<\/p>\n","protected":false},"excerpt":{"rendered":"<p>Zapytania ofertowe &nbsp;ZAPYTANIE OFERTOWE nr. 1\/4.1\/I\/Techcool\/2023 z dn. 15.05.2023r W zwi\u0105zku z przyst\u0105pieniem do realizacji projektu \u201eOpracowanie przyjaznej dla \u015brodowiska technologii zamra\u017cania produkt\u00f3w pochodzenia zwierz\u0119cego\u201d Umowa nr: POIR.04.01.04-00-0028\/19-00 z dnia 25.09.2019 r., dla kt\u00f3rego zamawiaj\u0105cy otrzyma\u0142 dofinansowanie w ramach Dzia\u0142ania 4.1 Programu Operacyjnego Inteligentny Rozw\u00f3j 2014-2020, wsp\u00f3\u0142finansowanego ze \u015brodk\u00f3w Europejskiego Funduszu Rozwoju Regionalnego, zapraszamy wszystkie [&hellip;]<\/p>\n","protected":false},"author":1,"featured_media":0,"parent":0,"menu_order":0,"comment_status":"closed","ping_status":"closed","template":"","meta":{"_et_pb_use_builder":"on","_et_pb_old_content":"","_et_gb_content_width":"","footnotes":""},"class_list":["post-606","page","type-page","status-publish","hentry"],"_links":{"self":[{"href":"https:\/\/www.techcool.pl\/index.php?rest_route=\/wp\/v2\/pages\/606","targetHints":{"allow":["GET"]}}],"collection":[{"href":"https:\/\/www.techcool.pl\/index.php?rest_route=\/wp\/v2\/pages"}],"about":[{"href":"https:\/\/www.techcool.pl\/index.php?rest_route=\/wp\/v2\/types\/page"}],"author":[{"embeddable":true,"href":"https:\/\/www.techcool.pl\/index.php?rest_route=\/wp\/v2\/users\/1"}],"replies":[{"embeddable":true,"href":"https:\/\/www.techcool.pl\/index.php?rest_route=%2Fwp%2Fv2%2Fcomments&post=606"}],"version-history":[{"count":20,"href":"https:\/\/www.techcool.pl\/index.php?rest_route=\/wp\/v2\/pages\/606\/revisions"}],"predecessor-version":[{"id":739,"href":"https:\/\/www.techcool.pl\/index.php?rest_route=\/wp\/v2\/pages\/606\/revisions\/739"}],"wp:attachment":[{"href":"https:\/\/www.techcool.pl\/index.php?rest_route=%2Fwp%2Fv2%2Fmedia&parent=606"}],"curies":[{"name":"wp","href":"https:\/\/api.w.org\/{rel}","templated":true}]}}